 20501 + 55?
21000
In base 16, what is -6 - -45e1d?
45e17
In base 13, what is 157 - 201?
-77
In base 10, what is 115 - -242?
357
In base 13, what is 0 + 10755a?
10755a
In base 5, what is 242 + 1423?
2220
In base 4, what is 0 + 232001232?
232001232
In base 8, what is 5 - 1563531?
-1563524
In base 9, what is 6 - 51248?
-51242
In base 10, what is 0 - -6525?
6525
In base 13, what is -2598 - cc?
-2697
In base 14, what is d6 + 123?
219
In base 11, what is -87388 + 4?
-87384
In base 4, what is 233122211 + 1?
233122212
In base 4, what is -1110320 + -20?
-1111000
In base 4, what is 131003302 - 21?
131003221
In base 11, what is -17 - 377?
-393
In base 8, what is -1065557 + 2?
-1065555
In base 9, what is 121 + -33?
77
In base 8, what is 134624 - -3?
134627
In base 9, what is -1 + 84623?
84622
In base 8, what is 27404 - 134?
27250
In base 6, what is -33353 - 1041?
-34434
In base 3, what is -212000121 - 12?
-212000210
In base 12, what is 67 + -1439?
-1392
In base 15, what is -595a7 - -1?
-595a6
In base 9, what is 5 - -164630?
164635
In base 5, what is 133230 + -113?
133112
In base 2, what is 100 - -1110000110011000?
1110000110011100
In base 15, what is -1c22 - -7?
-1c1a
In base 6, what is 305302 + 4?
305310
In base 12, what is 97 + 892?
969
In base 16, what is 8a6 + f3?
999
In base 2, what is -10011111 - -101001110?
10101111
In base 13, what is -4 - -33906?
33902
In base 8, what is 14 - -174515?
174531
In base 5, what is 10334 - 1111?
4223
In base 4, what is -11121011 - 21?
-11121032
In base 13, what is 3630 - 22?
360b
In base 7, what is -2210 + 6210?
4000
In base 4, what is 302021332 - 3?
302021323
In base 4, what is 10 - 2002022?
-2002012
In base 16, what is -2 + eb3?
eb1
In base 14, what is -687 + 69a?
13
In base 12, what is 5492b9 - 1?
5492b8
In base 7, what is -12 + 201121?
201106
In base 15, what is 329bc4 - -4?
329bc8
In base 16, what is 8 + -6ab?
-6a3
In base 10, what is 631 + -1?
630
In base 2, what is 10 - -111110110101100110010?
111110110101100110100
In base 15, what is 227c7 - -1?
227c8
In base 13, what is -144 + -6a61?
-6ba5
In base 3, what is -210121102 + 0?
-210121102
In base 16, what is -36c45 - -10?
-36c35
In base 2, what is 10 - -1011011001110?
1011011010000
In base 3, what is 12221002110001 + 12?
12221002110020
In base 14, what is -a + 60da?
60d0
In base 11, what is -6 + a7278?
a7272
In base 15, what is 73 - -902e?
90a2
In base 2, what is 110 - 10110000010001?
-10110000001011
In base 3, what is -202221001 - -11?
-202220220
In base 8, what is 3314377 + -4?
3314373
In base 14, what is 5 + -94a39?
-94a34
In base 11, what is -3 + 1961?
1959
In base 10, what is 883 + 403?
1286
In base 11, what is -4 - -7355?
7351
In base 10, what is -4431 + -6?
-4437
In base 2, what is -101 + -1111011100101?
-1111011101010
In base 12, what is 2 - -4464?
4466
In base 16, what is b25 - -4d?
b72
In base 11, what is -3794 + -887?
-4570
In base 4, what is -11 - 11001200?
-11001211
In base 6, what is 1221301 + 2?
1221303
In base 9, what is 1 - -2135304?
2135305
In base 7, what is 11636 + -146?
11460
In base 14, what is -4c45 + 1?
-4c44
In base 3, what is -22 - 20012022?
-20012121
In base 9, what is 2505 + 8?
2514
In base 5, what is 1 + -2014214?
-2014213
In base 8, what is 2 + -347363?
-347361
In base 4, what is 101 + -210130333?
-210130232
In base 13, what is -2 - -13ca7?
13ca5
In base 15, what is -8b03 - -6?
-8aec
In base 10, what is 638 + -98?
540
In base 14, what is -7 - -2463?
245a
In base 8, what is 3 + -76532?
-76527
In base 9, what is 28837 - -20?
28857
In base 2, what is 110010110000101 - -11?
110010110001000
In base 4, what is -132031002 + -33?
-132031101
In base 3, what is -112202210120 - 22?
-112202210212
In base 7, what is 1664 - -140?
2134
In base 6, what is 5 - 41443?
-41434
In base 7, what is 4 - 6223226?
-6223222
In base 12, what is -6382 + -406?
-6788
In base 15, what is 219 - -13?
22c
In base 6, what is -4 - -4001531?
4001523
In base 14, what is 94 + 934?
9c8
In base 5, what is 22204 + -4?
22200
In base 7, what is 362 + 10440?
11132
In base 2, what is -101010000101000 - 101?
-101010000101101
In base 9, what is 0 + 137833?
137833
In base 15, what is 38b + -ac?
2ce
In base 6, what is -5202414 - -32?
-5202342
In base 10, what is 194 - 888?
-694
In base 11, what is -1326 + -111?
-1437
In base 14, what is -ab8b - 13?
-aba0
In base 10, what is 5 - -3776?
3781
In base 6, what is 55405004 + -2?
55405002
In base 15, what is cec70 - -1?
cec71
In base 11, what is -1a881 - 4?
-1a885
In base 5, what is -2013 - -1320?
-143
In base 16, what is 7b47c - 4?
7b478
In base 9, what is 507610 + 0?
507610
In base 15, what is -2 + 76036?
76034
In base 11, what is 2a + -25649?
-2561a
In base 5, what is 14 - 2324333?
-2324314
In base 8, what is -3 + -6425?
-6430
In base 14, what is 14 + 10a?
120
In base 5, what is -1 + -1402401?
-1402402
In base 12, what is -3 + 104969?
104966
In base 8, what is -53 + -121401?
-121454
In base 8, what is -1 - 76701?
-76702
In base 14, what is 3 + -11647?
-11644
In base 5, what is -10101 + -114100?
-124201
In base 12, what is -27 - -7185?
715a
In base 12, what is 2 + 102655?
102657
In base 13, what is 295 + 1095?
135a
In base 5, what is 2214 + -3422?
-1203
In base 15, what is -7 + -b1a?
-b22
In base 5, what is -22 - -2210034?
2210012
In base 4, what is 332002 - 200?
331202
In base 15, what is -1c285 + 24?
-1c261
In base 7, what is -2 - 105132?
-105134
In base 15, what is 25da + -1c?
25bd
In base 2, what is 0 + -11100001001101?
-11100001001101
In base 10, what is -939637 - -1?
-939636
In base 6, what is 1521505 - 0?
1521505
In base 3, what is -10 - 2011022100?
-2011022110
In base 13, what is 258b2 - 31?
25881
In base 15, what is 128 + -820?
-6e7
In base 12, what is 373314 - -1?
373315
In base 15, what is -1d2 + -311?
-4e3
In base 16, what is -13fafd - 2?
-13faff
In base 6, what is -24155 + -41?
-24240
In base 12, what is 2405a + -4?
24056
In base 11, what is 11a - 1605?
-1496
In base 13, what is 122 + 217?
339
In base 10, what is -16480 - -7?
-16473
In base 16, what is -3f + 7a42?
7a03
In base 10, what is -22 - -490?
468
In base 7, what is -2 + -25322323?
-25322325
In base 12, what is -8458 - -5?
-8453
In base 13, what is -1 + -793?
-794
In base 4, what is -1032 - -131030?
123332
In base 14, what is -121c + -72?
-1290
In base 4, what is 2 + 23020320?
23020322
In base 10, what is -8 + -85329?
-85337
In base 11, what is 4 - 9792?
-9789
In base 15, what is 2 + -174325?
-174323
In base 7, what is -4 + 16414006?
16414002
In base 14, what is -bc9 + 88?
-b41
In base 8, what is 621456 + 3?
621461
In base 15, what is -104c + 5e?
-edd
In base 14, what is 19500 + 6?
19506
In base 11, what is -174 + -18?
-191
In base 7, what is -42 + 26643?
26601
In base 2, what is 10110111 - 11000011?
-1100
In base 6, what is 502513 - -4?
502521
In base 10, what is 3028 - -21?
3049
In base 12, what is -141b - -b9?
-1322
In base 7, what is 54 + -1462?
-1405
In base 11, what is 168 - 2659?
-24a1
In base 16, what is -19f5 + -1d0?
-1bc5
In base 13, what is 5 + 12044?
12049
In base 15, what is 3b + 6b5?
701
In base 4, what is 2 - 233001?
-232333
In base 6, what is -5 - 552203?
-552212
In base 9, what is 40 - -505?
545
In base 16, what is -4e10 - 5?
-4e15
In base 13, what is 2 + -29826?
-29824
In base 5, what is -41341 - -1321?
-40020
In base 8, what is -1034 + -10720?
-11754
In base 5, what is 1 - 2144134?
-2144133
In base 12, what is b1065 + -8?
b1059
In base 14, what is 4d1043 + 4?
4d1047
In base 3, what is 2101210 - -1?
2101211
In base 14, what is 1cd292 + 1?
1cd293
In base 14, what is -5d22 + 7?
-5d19
In base 5, what is 1033144 - 30?
1033114
In base 11, what is 2898 + -9?
288a
In base 4, what is 22213111130 - -2?
22213111132
In base 13, what is 78 - -9a?
145
In base 16, what is 4 + 9f0?
9f4
In base 10, what is 32 + 753?
785
In base 12, what is 1a07 - 320?
16a7
In base 4, what is 3203 - -20203202?
20213011
In base 10, what is 17 + -19334?
-19317
In base 12, what is 314 - -56?
36a
In base 4, what is -12 - -2212002?
2211330
In base 9, what is -118 + -1640?
-1758
In base 6, what is -1505100 + 4?
-1505052
In base 13, what is -4 + 1a7c3?
1a7bc
In base 4, what is -1301 + -113332?
-121233
In base 9, what is 1074 + -18?
1055
In base 13, what is 63b0 + -3?
63aa
In base 4, wh